m) = -8*m - 48. Calculate o(0).
-48
Let w(q) = -q**2 - 11*q + 5. Calculate w(-12).
-7
Let g(y) = -2*y**2 + 6*y + 4. What is g(3)?
4
Let t(m) = m**3 - 7*m**2 - 13*m + 46. Calculate t(8).
6
Let a(f) = f**3 - 10*f**2 + 8*f + 10. Give a(9).
1
Let p(q) = -4*q + 31. Calculate p(0).
31
Let u(m) = 4*m + 6. Determine u(-8).
-26
Let l(y) = y - 4. What is l(0)?
-4
Let c(q) = -2*q**3 + 15*q**2 - q + 2. Determine c(7).
44
Let q(r) = -3*r - 32. Calculate q(-12).
4
Let y(l) = -31*l - 236. Give y(-7).
-19
Let u(w) = -w**3 + w**2 + w - 21. Give u(0).
-21
Let v(c) = -3*c + 99. Determine v(29).
12
Let y(w) = w**3 + 5*w**2 - 11*w - 37. Give y(-2).
-3
Let f(t) = t**3 + 13*t**2 + 5*t + 62. What is f(-13)?
-3
Let a(v) = 27*v**2 - v + 3. Calculate a(-2).
113
Let z(c) = c**2 - 6*c - 7. Determine z(6).
-7
Let m(c) = -c - 10. Determine m(-6).
-4
Let c(k) = -k**2 - 1. Determine c(0).
-1
Let l(s) = 4*s - 29. Give l(12).
19
Let i(x) = -x**2 - 8*x + 16. Determine i(-9).
7
Let j(w) = 16*w + 179. Calculate j(-12).
-13
Let c(v) = -v**2 - 9*v - 14. Give c(-4).
6
Let h(m) = 13*m**2 - 3*m + 2. Give h(2).
48
Let x(l) = -l**2 - 20*l - 54. Calculate x(-15).
21
Let p(d) = 39*d**3 - 2*d**2 + d + 2. Give p(1).
40
Let z(v) = v**3 + v**2 + v - 5. Determine z(0).
-5
Let y(u) = -u**3 - 22*u**2 + 3*u + 1. Determine y(-22).
-65
Let v(y) = -y**2 + 2*y - 1. Determine v(-3).
-16
Let z(n) = -n**3 - 3*n**2 + 2*n - 8. Calculate z(0).
-8
Let d(v) = 2*v + 14. Give d(-3).
8
Let s(p) = -15*p**2 + p. Give s(1).
-14
Let n(g) = -g**3 + 16*g**2 + 17*g + 5. Determine n(17).
5
Let a(z) = -z**2 + 6*z + 27. What is a(6)?
27
Let y(g) = g**3 + 13*g**2 + 14*g + 12. Calculate y(-12).
-12
Let w(x) = x**2 + 20*x - 39. Calculate w(-12).
-135
Let r(x) = -x**2 - 12*x + 43. Determine r(3).
-2
Let k(i) = i**2 + 12*i + 24. Give k(-12).
24
Let y(j) = -j**2 - 3*j - 3. Calculate y(-5).
-13
Let f(x) = 14*x**3 - x**2. What is f(1)?
13
Let g(t) = -t**2 + 5*t - 10. What is g(5)?
-10
Let p(b) = 3*b + 43. Determine p(-18).
-11
Let u(h) = -h**2 - h - 1. What is u(5)?
-31
Let n(x) = 2*x - 3. Give n(-3).
-9
Let x(p) = -4*p - 136. Calculate x(-25).
-36
Let l(r) = -14*r. Calculate l(3).
-42
Let f(h) = -2*h + 13. Calculate f(10).
-7
Let a(n) = 3*n**3 + 2*n**2 - 3*n + 2. Calculate a(1).
4
Let g(s) = -s - 5. What is g(-11)?
6
Let t(x) = 3*x - 41. Give t(13).
-2
Let l(u) = u**2 + 13*u + 16. Calculate l(-11).
-6
Let w(m) = -m**3 - 2*m**2 + 17*m - 43. What is w(-6)?
-1
Let r(s) = -s**3 - 7*s**2 - 11*s - 6. Calculate r(-5).
-1
Let a(f) = -3*f + 49. Determine a(6).
31
Let c(x) = -x**3 + 4*x**2 + 15*x - 10. Calculate c(7).
-52
Let n(p) = -p**2 - 16*p - 4. Calculate n(-15).
11
Let r(i) = i**2 - 5. Give r(4).
11
Let o(z) = z**3 - 7*z**2 + 4*z + 4. What is o(6)?
-8
Let a(s) = -s**3 - 12*s**2 - 10*s - 11. Give a(-11).
-22
Let w(p) = -p - 39. Calculate w(22).
-61
Let p(h) = 14*h - 162. Determine p(11).
-8
Let g(r) = r**2 + 6*r + 22. Calculate g(-7).
29
Let q(s) = -s**3 + 35*s**2 - 66*s - 7. Calculate q(33).
-7
Let i(y) = -19*y - 3. What is i(-5)?
92
Let w(t) = -t**2 + 6*t + 4. Calculate w(5).
9
Let i(g) = -4*g - 1. What is i(4)?
-17
Let c(l) = 10*l**2 - l - 1. Calculate c(-1).
10
Let w(i) = i**2 + 13*i + 62. What is w(-6)?
20
Let i(z) = -z - 6. What is i(-11)?
5
Let c(l) = 2*l**2 + 4. Give c(2).
12
Let y(g) = g + 7. Give y(-5).
2
Let z(l) = -5*l + 13. What is z(4)?
-7
Let h(f) = -12*f - 32. Give h(-4).
16
Let p(b) = b + 12. What is p(-6)?
6
Let s(r) = -r**3 - 28*r**2 + 27*r - 33. Give s(-29).
25
Let c(g) = g**3 + 2*g**2 - 6*g - 10. What is c(-3)?
-1
Let k(x) = x**3 - 4*x**2 - 5*x - 4. Calculate k(5).
-4
Let u(y) = y**3 - 12*y**2 + 14*y - 15. Calculate u(11).
18
Let m(h) = 33*h - 1911. Determine m(58).
3
Let i(y) = -y**3 + 26*y**2 + 59*y - 69. Calculate i(28).
15
Let f(o) = o**3 - 8*o**2 - 10*o - 14. What is f(9)?
-23
Let s(r) = 20*r + 4. Calculate s(3).
64
Let j(k) = 10*k + 13. Calculate j(3).
43
Let v(m) = -5*m**2 - m + 17. Give v(-4).
-59
Let v(x) = -x**3 + x - 36. What is v(0)?
-36
Let c(g) = -g**2 - 9*g - 21. Calculate c(-4).
-1
Let b(g) = 4*g**2 + g. Calculate b(-1).
3
Let x(t) = t**3 + 3*t**2 - 5*t - 4. Determine x(-4).
0
Let o(r) = 5*r + 102. Give o(-33).
-63
Let l(f) = -f + 5. Calculate l(10).
-5
Let w(b) = -2*b**3 + 37*b**2 + 21*b - 45. Give w(19).
-7
Let y(c) = c**3 + 9*c**2 + 8*c + 6. Give y(-8).
6
Let s(r) = 12*r - 73. Determine s(7).
11
Let c(y) = 3*y + 7. Calculate c(8).
31
Let a(z) = 3*z**2 - 23*z + 13. Give a(7).
-1
Let n(d) = -d**3 - 2*d**2 + 16*d - 5. Give n(4).
-37
Let q(u) = u**3 - 8*u**2 + 9*u - 11. What is q(7)?
3
Let m(i) = -5*i - 16. Give m(-8).
24
Let k(a) = -a + 4. Calculate k(-1).
5
Let l(r) = 2*r**3 + 16*r**2 - 10*r + 10. Give l(-8).
90
Let s(c) = 43*c + 3. Determine s(1).
46
Let m(i) = 2*i**2 + 6*i + 4. Calculate m(-3).
4
Let p(g) = g**3 + g**2 - g + 2. Give p(-2).
0
Let p(v) = -v**3 - 9*v**2 - 8*v - 10. Give p(-6).
-70
Let h(z) = z**3 - 10*z**2 + 27*z - 38. Give h(7).
4
Let o(s) = 9*s - 73. Calculate o(17).
80
Let m(z) = z**2 + 2*z + 2. What is m(-1)?
1
Let g(o) = -o**3 + 8*o**2 - 10*o + 2. What is g(6)?
14
Let b(c) = -c**2 - 16*c - 23. What is b(-14)?
5
Let m(h) = 2*h + 13. Determine m(-10).
-7
Let f(h) = -h + 5. Calculate f(-11).
16
Let z(s) = -s + 12. Calculate z(12).
0
Let p(l) = -7*l - 25. What is p(-8)?
31
Let j(z) = 2*z**3 - z**2 + z. What is j(1)?
2
Let u(r) = 10*r + 98. Determine u(-11).
-12
Let j(d) = d**2 - d + 7. What is j(5)?
27
Let z(o) = o**3 + 9*o**2 - 24*o + 10. What is z(-11)?
32
Let l(p) = 5*p**2 + 44*p - 50. What is l(-10)?
10
Let d(w) = 142*w + 289. Determine d(-2).
5
Let t(c) = c - 13. Give t(4).
-9
Let l(d) = d**2 + 14*d - 36. What is l(-16)?
-4
Let y(s) = 9*s + 27. Calculate y(8).
99
Let d(b) = b + 2. Calculate d(-8).
-6
Let o(h) = -2*h + 6. Calculate o(10).
-14
Let q(i) = 5*i**2 - 54*i + 23. Calculate q(10).
-17
Let o(i) = -i**2 + 19*i + 10. Determine o(20).
-10
Let p(m) = 4*m**3 + m**2 + 3*m - 2. Give p(2).
40
Let g(a) = -5*a + 23. Determine g(6).
-7
Let x(l) = 9*l**2. What is x(2)?
36
Let c(r) = -r**2 - 41*r - 136. What is c(-37)?
12
Let f(p) = -107*p + 2. Determine f(-1).
109
Let c(v) = -3*v - 2. Calculate c(4).
-14
Let z(h) = h**2 - 37*h + 206. Determine z(30).
-4
Let g(s) = -s**2 - 3*s + 16. Give g(-7).
-12
Let x(y) = 2*y**2 - 16*y - 28. What is x(9)?
-10
Let c(j) = 4*j - 64. Calculate c(2).
-56
Let y(x) = -x**2 - 2*x - 6. Calculate y(-4).
-14
Let p(m) = m - 6. Calculate p(4).
-2
Let c(i) = -24*i**2 - i + 2. Determine c(1).
-23
Let o(d) = -d**3 - 4*d**2 + 6*d + 5. Calculate o(-5).
0
Let s(h) = h**2 + 2*h - 21. Determine s(4).
3
Let n(t) = t**3 - 38*t**2 - 41*t + 75. Give n(39).
-3
Let q(b) = -b**3 + 22*b**2 - 40*b - 4. Calculate q(20).
-4
Let d(o) = -o**3 + 19*o**2 - o + 47. Determine d(19).
28
Let w(g) = 2*g**2 - 29*g + 69. What is w(10)?
-21
Let i(z) = z**3 - 28*z**2 - 61*z + 22. Calculate i(30).
-8
Let c(d) = d**3 - 3*d**2 - d + 14. Determine c(3).
11
Let w(u) = -2*u + 2. Give w(3).
-4
Let v(s) = s**2 - 3*s - 51. Give v(-6).
3
Let h(j) = -17*j - 133. Give h(-6).
-31
Let h(o) = -o**2 - 12*o + 11. Calculate h(-8).
43
Let i(p) = -p**3 + 10*p**2 - 11*p + 11. What is i(9)?
-7
Let k(x) = x**2 + 15*x + 4. Determine k(-14).
-10
Let b(n) = 7*n + 71. Determine b(-10).
1
Let m(r) = -r - 3. Calculate m(-5).
2
Let m(u) = u**2 + 15*u + 15. What is m(-14)?
1
Let l(g) = g**3 - 5*g**2 - 7*g. Determine l(6).
-6
Let m(n) = 2*n - 8. Give m(-8).
-24
Let z(g) = 15*g**3 + 3*g**2 + 2*g. Determine z(-1).
-14
Let d(j) = -2*j**2 + j + 11. Determine d(-6).
-67
Let f(q) = -4*q**2 - q - 1. Calculate f(2).
-19
Let y(i) = -i**3 + 14*i**2 - 15*i + 10. Give y(13).
-16
Let q(l) = 4*l**3 + 3*l**2 - 5*l + 5. Calculate q(-2).
-5
Let s(h) = -h**3 + 7*h**2 - 1. Give s(7).
-1
Let b(n) = 17*n + 1702. Determine b(-100).
2
Let m(n) = n**2 + 12*n - 4. Give m(-12).
-4
Let t(b) = b**2 - 9*b - 29. Give t(11).
-7
Let b(c) = -c**3 - 8*c**2 + 10*c - 5. Give b(-9).
-14
Let r(f) = 2*f**3 + 10*f**2 + 16*f + 4. What is r(-2)?
-4
Let w(q) = -29*q - 770. Determine w(-27).
13
Let y(i) = i**3 + 8*i**2 - 9*i - 6. What is y(-9)?
-6
Let a(y) = -22*y + 544. What is a(25)?
-6
Let b(z) = z**3 + 6*z**2 + z - 2. Give b(-3).
22
Let u(n) = -n**2 - 9*n - 9. Determine u(-10).
-19
Let p(q) = 20*q**2. Determine p(-2).
80
Let m(j) = -j**3 + 6*j**2 + 8*j 